{"id":123,"date":"2023-06-12T12:46:24","date_gmt":"2023-06-12T12:46:24","guid":{"rendered":"https:\/\/kunstkartei.at\/?page_id=123"},"modified":"2023-06-12T12:46:24","modified_gmt":"2023-06-12T12:46:24","slug":"datenschutz","status":"publish","type":"page","link":"https:\/\/kunstkartei.at\/?page_id=123","title":{"rendered":"DATENSCHUTZ"},"content":{"rendered":"\n<p><strong>Erkl\u00e4rung zur Informationspflicht<\/strong><\/p>\n\n\n\n<p><br><strong>Datenschutzerkl\u00e4rung<\/strong><\/p>\n\n\n\n<p><br>In folgender Datenschutzerkl\u00e4rung informieren wir Sie \u00fcber die wichtigsten Aspekte der Datenverarbeitung im Rahmen unserer Webseite. Wir erheben und verarbeiten personenbezogene Daten nur auf Grundlage der gesetzlichen Bestimmungen (Datenschutzgrundverordnung, Telekommunikationsgesetz 2003).<\/p>\n\n\n\n<p><br>Sobald Sie als Benutzer auf unsere Webseite zugreifen oder diese besuchen wird Ihre IP-Adresse, Beginn sowie Beginn und Ende der Sitzung erfasst. Dies ist technisch bedingt und stellt somit ein berechtigtes Interesse iSv Art 6 Abs 1 lit f DSGVO.<\/p>\n\n\n\n<p><br><strong>Kontakt mit uns:<\/strong> Wenn Sie uns per E-Mail kontaktieren, dann werden die von Ihnen an uns \u00fcbermittelten Daten zwecks Bearbeitung Ihrer Anfrage oder f\u00fcr den Fall von weiteren Anschlussfragen f\u00fcr sechs Monate bei uns gespeichert. Es erfolgt, ohne Ihre Einwilligung, keine Weitergabe Ihrer \u00fcbermittelten Daten.<\/p>\n\n\n\n<p><br><strong>Newsletter:<\/strong> Sie haben die M\u00f6glichkeit, \u00fcber unsere Website unseren Newsletter zu abonnieren. Hierf\u00fcr ben\u00f6tigen wir Ihre E-Mail-Adresse und ihre Erkl\u00e4rung, dass Sie mit dem Bezug des Newsletters einverstanden sind.<\/p>\n\n\n\n<p><br><strong>Ihre Rechte als Betroffener:<\/strong> Sie als Betroffener haben bez\u00fcglich Ihrer Daten, welche bei uns gespeichert sind grunds\u00e4tzlich ein Recht auf:\u2022 Auskunft\u2022 L\u00f6schung der Daten\u2022 Berichtigung der Daten\u2022 \u00dcbertragbarkeit der Daten\u2022 Wiederruf und Widerspruch zur Datenverarbeitung\u2022 Einschr\u00e4nkungWenn sie vermuten, dass im Zuge der Verarbeitung Ihrer Daten Verst\u00f6\u00dfe gegen das Datenschutzrecht passiert sind, so haben Sie die M\u00f6glichkeit sich bei uns (office@kunstkartei.at) oder der Datenschutzbeh\u00f6rde zu beschweren.<\/p>\n\n\n\n<p><br><strong>Sie erreichen uns unter folgenden Kontaktdaten<\/strong>: <strong>Webseitenbetreiber:<\/strong> Philipp M\u00fcller Telefonnummer: +436803193021 <strong>E-Mail:<\/strong> office@kunstkartei.at<\/p>\n\n\n\n<p class=\"has-link-color wp-elements-682bc44b41bd930a5af31bbb311c83c2\"><br><strong>Quelle: <\/strong><a href=\"https:\/\/fairesrecht.at\/anwalt\/ort\/Wien\/1\" target=\"_blank\" rel=\"noreferrer noopener\">Rechtsanwalt finden Wien<\/a> in Kooperation mit <a href=\"https:\/\/fairesspiel.at\/\" target=\"_blank\" rel=\"noreferrer noopener\">Geld zur\u00fcck Online Casino<\/a><\/p>\n","protected":false},"excerpt":{"rendered":"<p>Erkl\u00e4rung zur Informationspflicht Datenschutzerkl\u00e4rung In folgender Datenschutzerkl\u00e4rung informieren wir Sie \u00fcber die wichtigsten Aspekte der Datenverarbeitung im Rahmen unserer Webseite. Wir erheben und verarbeiten personenbezogene Daten nur auf Grundlage der gesetzlichen Bestimmungen (Datenschutzgrundverordnung, Telekommunikationsgesetz 2003). Sobald Sie als Benutzer auf unsere Webseite zugreifen oder diese besuchen wird Ihre IP-Adresse, Beginn sowie Beginn und Ende der [&hellip;]<\/p>\n","protected":false},"author":1,"featured_media":0,"parent":0,"menu_order":0,"comment_status":"closed","ping_status":"closed","template":"","meta":{"slim_seo":{"title":"DATENSCHUTZ - Kunstkartei","description":"Erkl\u00e4rung zur Informationspflicht Datenschutzerkl\u00e4rung In folgender Datenschutzerkl\u00e4rung informieren wir Sie \u00fcber die wichtigsten Aspekte der Datenverarbeitung"},"footnotes":""},"class_list":["post-123","page","type-page","status-publish","hentry"],"_links":{"self":[{"href":"https:\/\/kunstkartei.at\/index.php?rest_route=\/wp\/v2\/pages\/123","targetHints":{"allow":["GET"]}}],"collection":[{"href":"https:\/\/kunstkartei.at\/index.php?rest_route=\/wp\/v2\/pages"}],"about":[{"href":"https:\/\/kunstkartei.at\/index.php?rest_route=\/wp\/v2\/types\/page"}],"author":[{"embeddable":true,"href":"https:\/\/kunstkartei.at\/index.php?rest_route=\/wp\/v2\/users\/1"}],"replies":[{"embeddable":true,"href":"https:\/\/kunstkartei.at\/index.php?rest_route=%2Fwp%2Fv2%2Fcomments&post=123"}],"version-history":[{"count":1,"href":"https:\/\/kunstkartei.at\/index.php?rest_route=\/wp\/v2\/pages\/123\/revisions"}],"predecessor-version":[{"id":124,"href":"https:\/\/kunstkartei.at\/index.php?rest_route=\/wp\/v2\/pages\/123\/revisions\/124"}],"wp:attachment":[{"href":"https:\/\/kunstkartei.at\/index.php?rest_route=%2Fwp%2Fv2%2Fmedia&parent=123"}],"curies":[{"name":"wp","href":"https:\/\/api.w.org\/{rel}","templated":true}]}}

<p><strong>Erklärung zur Informationspflicht</strong></p>



<p><br><strong>Datenschutzerklärung</strong></p>



<p><br>In folgender Datenschutzerklärung informieren wir Sie über die wichtigsten Aspekte der Datenverarbeitung im Rahmen unserer Webseite. Wir erheben und verarbeiten personenbezogene Daten nur auf Grundlage der gesetzlichen Bestimmungen (Datenschutzgrundverordnung, Telekommunikationsgesetz 2003).</p>



<p><br>Sobald Sie als Benutzer auf unsere Webseite zugreifen oder diese besuchen wird Ihre IP-Adresse, Beginn sowie Beginn und Ende der Sitzung erfasst. Dies ist technisch bedingt und stellt somit ein berechtigtes Interesse iSv Art 6 Abs 1 lit f DSGVO.</p>



<p><br><strong>Kontakt mit uns:</strong> Wenn Sie uns per E-Mail kontaktieren, dann werden die von Ihnen an uns übermittelten Daten zwecks Bearbeitung Ihrer Anfrage oder für den Fall von weiteren Anschlussfragen für sechs Monate bei uns gespeichert. Es erfolgt, ohne Ihre Einwilligung, keine Weitergabe Ihrer übermittelten Daten.</p>



<p><br><strong>Newsletter:</strong> Sie haben die Möglichkeit, über unsere Website unseren Newsletter zu abonnieren. Hierfür benötigen wir Ihre E-Mail-Adresse und ihre Erklärung, dass Sie mit dem Bezug des Newsletters einverstanden sind.</p>



<p><br><strong>Ihre Rechte als Betroffener:</strong> Sie als Betroffener haben bezüglich Ihrer Daten, welche bei uns gespeichert sind grundsätzlich ein Recht auf:• Auskunft• Löschung der Daten• Berichtigung der Daten• Übertragbarkeit der Daten• Wiederruf und Widerspruch zur Datenverarbeitung• EinschränkungWenn sie vermuten, dass im Zuge der Verarbeitung Ihrer Daten Verstöße gegen das Datenschutzrecht passiert sind, so haben Sie die Möglichkeit sich bei uns (office@kunstkartei.at) oder der Datenschutzbehörde zu beschweren.</p>



<p><br><strong>Sie erreichen uns unter folgenden Kontaktdaten</strong>: <strong>Webseitenbetreiber:</strong> Philipp Müller Telefonnummer: +436803193021 <strong>E-Mail:</strong> office@kunstkartei.at</p>



<p class="has-link-color wp-elements-682bc44b41bd930a5af31bbb311c83c2"><br><strong>Quelle: </strong><a href="https://fairesrecht.at/anwalt/ort/Wien/1" target="_blank" rel="noreferrer noopener">Rechtsanwalt finden Wien</a> in Kooperation mit <a href="https://fairesspiel.at/" target="_blank" rel="noreferrer noopener">Geld zurück Online Casino</a></p>

<p>Erklärung zur Informationspflicht Datenschutzerklärung In folgender Datenschutzerklärung informieren wir Sie über die wichtigsten Aspekte der Datenverarbeitung im Rahmen unserer Webseite. Wir erheben und verarbeiten personenbezogene Daten nur auf Grundlage der gesetzlichen Bestimmungen (Datenschutzgrundverordnung, Telekommunikationsgesetz 2003). Sobald Sie als Benutzer auf unsere Webseite zugreifen oder diese besuchen wird Ihre IP-Adresse, Beginn sowie Beginn und Ende der [&hellip;]</p>

Erklärung zur Informationspflicht Datenschutzerklärung In folgender Datenschutzerklärung informieren wir Sie über die wichtigsten Aspekte der Datenverarbeitung
