{"id":129,"date":"2023-06-18T16:05:06","date_gmt":"2023-06-18T16:05:06","guid":{"rendered":"https:\/\/kunstkartei.at\/?page_id=129"},"modified":"2024-09-04T15:40:10","modified_gmt":"2024-09-04T15:40:10","slug":"2000-2004","status":"publish","type":"page","link":"https:\/\/kunstkartei.at\/?page_id=129","title":{"rendered":"2000 &#8211; 2002"},"content":{"rendered":"\n<div class=\"wp-block-group is-layout-constrained wp-block-group-is-layout-constrained\">\n<h5 class=\"wp-block-heading has-text-align-center\">2000 &#8211; 2002<\/h5>\n\n\n\n<p>Von 1999 bis 2002 studierte Philipp M\u00fcller Bildhauerei an der <em>wiener kunst schule<\/em> und war auch noch mit seiner Band <em>Sushi With Suzie<\/em> (aka: <em>Sushi &amp; Maki<\/em> bzw. <em>Sushiii<\/em>) am Aufnehmen und Auftreten. Zu gegebener Zeit werden Arbeiten vor 2000 hinzugef\u00fcgt.<\/p>\n\n\n\n<hr class=\"wp-block-separator has-alpha-channel-opacity is-style-wide\"\/>\n<\/div>\n\n\n\n<div class=\"wp-block-group is-layout-constrained wp-block-group-is-layout-constrained\">\n<div style=\"height:25px\" aria-hidden=\"true\" class=\"wp-block-spacer\"><\/div>\n\n\n\n<figure class=\"wp-block-image size-full is-style-default\"><img loading=\"lazy\" decoding=\"async\" width=\"709\" height=\"705\" src=\"https:\/\/kunstkartei.at\/wp-content\/uploads\/2023\/06\/DER_ATEM_BEWEGT_DIE_FORM_WELCHE_DEN_ATEM_SCHAFT-1.jpg\" alt=\"\" class=\"wp-image-143\" srcset=\"https:\/\/kunstkartei.at\/wp-content\/uploads\/2023\/06\/DER_ATEM_BEWEGT_DIE_FORM_WELCHE_DEN_ATEM_SCHAFT-1.jpg 709w, https:\/\/kunstkartei.at\/wp-content\/uploads\/2023\/06\/DER_ATEM_BEWEGT_DIE_FORM_WELCHE_DEN_ATEM_SCHAFT-1-300x298.jpg 300w, https:\/\/kunstkartei.at\/wp-content\/uploads\/2023\/06\/DER_ATEM_BEWEGT_DIE_FORM_WELCHE_DEN_ATEM_SCHAFT-1-150x150.jpg 150w\" sizes=\"auto, (max-width: 709px) 100vw, 709px\" \/><figcaption class=\"wp-element-caption\">Foto: Basis Wien<\/figcaption><\/figure>\n\n\n\n<h5 class=\"wp-block-heading\">Der Atem bewegt die Form, die den Atem schafft.<\/h5>\n\n\n\n<p class=\"has-small-font-size\">Mai 2002, Waldviertler Marmor, ca. 60 cm x 45 cm x 30 cm<\/p>\n\n\n\n<p>Die Idee von Philipp M\u00fcllers Diplomarbeit geht vom ehemaligen Zweck des Steins als Grabsteinsockels aus. M\u00fcller formte diesen so um, dass er die Basis eines Grabsteins verk\u00f6rpert. Dieser Grund eines jeden Grabsteins ist das Leben und dieses muss gezeugt werden. Auf die vorherige Bestimmung des Marmorsteins verweist ein Metallzapfen auf der Unterseite der Skulptur, welche eigentlich die Auflagefl\u00e4che des Grabsteins war. Dementsprechend wird mit diesem Wissen in der Arbeit auch das Ph\u00e4nomen von Oben und Unten relativiert.<\/p>\n\n\n\n<p>Zu dieser Zeit besch\u00e4ftigte sich M\u00fcller auch intensiv mit den Begriffen Singularit\u00e4t, Dualit\u00e4t und Pluralit\u00e4t. In der geschlossenen Form der Skulptur fand er eine passende Entsprechung f\u00fcr seine Gedanken, da sich ihre Singularit\u00e4t aus einer Dualit\u00e4t zusammensetzt und alle zusammen Pluralit\u00e4t entstehen l\u00e4sst.<\/p>\n\n\n\n<hr class=\"wp-block-separator has-alpha-channel-opacity is-style-dots\"\/>\n<\/div>\n\n\n\n<div class=\"wp-block-group is-layout-constrained wp-block-group-is-layout-constrained\">\n<div style=\"height:25px\" aria-hidden=\"true\" class=\"wp-block-spacer\"><\/div>\n\n\n\n<div class=\"wp-block-columns is-layout-flex wp-container-core-columns-is-layout-28f84493 wp-block-columns-is-layout-flex\">\n<div class=\"wp-block-column is-layout-flow wp-block-column-is-layout-flow\" style=\"flex-basis:50%\">\n<figure class=\"wp-block-image size-full is-resized is-style-default\"><img loading=\"lazy\" decoding=\"async\" width=\"340\" height=\"487\" src=\"https:\/\/kunstkartei.at\/wp-content\/uploads\/2023\/06\/HAIDER_-_ZEICHNUNG.jpg\" alt=\"\" class=\"wp-image-161\" style=\"aspect-ratio:0.6981519507186859;width:306px;height:auto\" srcset=\"https:\/\/kunstkartei.at\/wp-content\/uploads\/2023\/06\/HAIDER_-_ZEICHNUNG.jpg 340w, https:\/\/kunstkartei.at\/wp-content\/uploads\/2023\/06\/HAIDER_-_ZEICHNUNG-209x300.jpg 209w\" sizes=\"auto, (max-width: 340px) 100vw, 340px\" \/><figcaption class=\"wp-element-caption\">Foto: Maria Christine Pawel<\/figcaption><\/figure>\n<\/div>\n\n\n\n<div class=\"wp-block-column is-layout-flow wp-block-column-is-layout-flow\" style=\"flex-basis:50%\">\n<figure class=\"wp-block-image size-full\"><img loading=\"lazy\" decoding=\"async\" width=\"340\" height=\"476\" src=\"https:\/\/kunstkartei.at\/wp-content\/uploads\/2023\/06\/SONNENSCHEIN_-_ZEICHNUNG.jpg\" alt=\"\" class=\"wp-image-162\" srcset=\"https:\/\/kunstkartei.at\/wp-content\/uploads\/2023\/06\/SONNENSCHEIN_-_ZEICHNUNG.jpg 340w, https:\/\/kunstkartei.at\/wp-content\/uploads\/2023\/06\/SONNENSCHEIN_-_ZEICHNUNG-214x300.jpg 214w\" sizes=\"auto, (max-width: 340px) 100vw, 340px\" \/><figcaption class=\"wp-element-caption\">Foto: Maria Christine Pawel<\/figcaption><\/figure>\n<\/div>\n<\/div>\n\n\n\n<div class=\"wp-block-columns is-layout-flex wp-container-core-columns-is-layout-28f84493 wp-block-columns-is-layout-flex\">\n<div class=\"wp-block-column is-layout-flow wp-block-column-is-layout-flow\">\n<h5 class=\"wp-block-heading\">1. Bild: Haider<\/h5>\n\n\n\n<p class=\"has-small-font-size\">Di. 05.03.2002, \u00d6l &amp; Grafit auf Papier,   100 cm x 70 cm<\/p>\n<\/div>\n\n\n\n<div class=\"wp-block-column is-layout-flow wp-block-column-is-layout-flow\">\n<h5 class=\"wp-block-heading\">2. Bild: SONNENSCHEIN<\/h5>\n\n\n\n<p class=\"has-small-font-size\">Di. 08.01.2002, IV., \u00d6l &amp; Grafit auf Papier,     70 cm x 50 cm<\/p>\n<\/div>\n<\/div>\n\n\n\n<h5 class=\"wp-block-heading\">BEZIEHUNSREALIT\u00c4TEN<\/h5>\n\n\n\n<p>Beziehungsrealit\u00e4ten sind eine Auswahl von Zeichnungen, welche in den letzten zwei Studiensmester (2001\/2002) von Philipp M\u00fcller an der <em>wiener kunst schule<\/em> entstanden. Obwohl seine Konzentration haupts\u00e4chlich auf seine Diplomarbeit im Bereich der Bildhauerei gerichtet war, fand er genug Zeit und Energie f\u00fcr Akt-Zeichnungen.<\/p>\n\n\n\n<p>Die spontane Akt-Zeichnung ist unter anderem f\u00fcr M\u00fcller eine Form und ein Mittel zur Kommunikation, welche grundlegend aus mind. drei Personen besteht: die k\u00f6rperlich agierende sich Zeigende, die interpretierende, komponierende Zeichnende und schlussendlich die Betrachtende der Zeichnung. Das bedeutet, dass die k\u00fcnstlerische Leistung einer Synthese entspricht, bestehend aus den Handlungen des Modells und dem Umgang der K\u00fcnstler*innen mit diesen resp. diesem. Weiters sind die Betrachter*innen, also das Publikum nicht zu vergessen, deren Reaktionen den Arbeiten weitere Bedeutungen geben.<\/p>\n\n\n\n<p>Aus der Perspektive M\u00fcllers als Zeichner ist zu erw\u00e4hnen, dass der Konzentrationsakt einen Moment spontan, frei von korrigierender Selbstkontrolle wahrzunehmen und diese momentane Beziehungsrealit\u00e4t entsprechend in wenigen Minuten zu formulieren, ein hohes Ma\u00df an Energie freisetzt, welche sich in der Zeichnung manifestiert und in ihr wiederzufinden ist.<\/p>\n\n\n\n<p>Philipp M\u00fcller dankt Udo Hohenberger f\u00fcr seine starke Motivationsf\u00e4higkeit, Daniela Schmeiser, Jane Heiss f\u00fcr die konstruktive Kritik, Haider Alzubaidi, Romana, Klaus, Sabine Sonnenschein, Andreas und einer Frau deren Namen ihm unbekannt blieb, f\u00fcr das Stehen bzw. Agieren als Modelle.<\/p>\n\n\n\n<hr class=\"wp-block-separator has-alpha-channel-opacity is-style-dots\"\/>\n<\/div>\n\n\n\n<div class=\"wp-block-group is-layout-constrained wp-block-group-is-layout-constrained\">\n<div style=\"height:25px\" aria-hidden=\"true\" class=\"wp-block-spacer\"><\/div>\n\n\n\n<figure class=\"wp-block-image size-large is-style-default\"><img loading=\"lazy\" decoding=\"async\" width=\"686\" height=\"1024\" src=\"https:\/\/kunstkartei.at\/wp-content\/uploads\/2023\/06\/WIEDERSTAND-686x1024.jpg\" alt=\"\" class=\"wp-image-151\" srcset=\"https:\/\/kunstkartei.at\/wp-content\/uploads\/2023\/06\/WIEDERSTAND-686x1024.jpg 686w, https:\/\/kunstkartei.at\/wp-content\/uploads\/2023\/06\/WIEDERSTAND-201x300.jpg 201w, https:\/\/kunstkartei.at\/wp-content\/uploads\/2023\/06\/WIEDERSTAND.jpg 709w\" sizes=\"auto, (max-width: 686px) 100vw, 686px\" \/><\/figure>\n\n\n\n<h5 class=\"wp-block-heading\">WIderstand<\/h5>\n\n\n\n<p class=\"has-small-font-size\">Sommer 2000, Eiche, ca. 3m x 0,6 m \u00f8 an der Basis<\/p>\n\n\n\n<p>Die Skulptur wurde von Philipp M\u00fcller im Rahmen des Holz-Workshops Drevo 2000 erarbeitet, der von der Bata Foundation in Zlin (CZ) veranstaltet wurde. Innerhalb von 11 Tagen konnten die Teilnehmer*innen Eichst\u00e4mme frei nach ihren Vorstellungen bearbeiten.<\/p>\n\n\n\n<p>Die Stele entstand als Reaktion auf die \u00d6VP\/FP\u00d6-Bundesregierung, die im Februar 2000 angelobt wurde und steht in Bezug zu den Donnerstagsdemonstrationen, die \u00fcber lange Zeit w\u00f6chentlich in Wien stattfanden.<\/p>\n\n\n\n<hr class=\"wp-block-separator has-alpha-channel-opacity is-style-dots\"\/>\n\n\n\n<div style=\"height:25px\" aria-hidden=\"true\" class=\"wp-block-spacer\"><\/div>\n<\/div>\n\n\n\n<div class=\"wp-block-buttons is-content-justification-center is-layout-flex wp-container-core-buttons-is-layout-a89b3969 wp-block-buttons-is-layout-flex\">\n<div class=\"wp-block-button is-style-outline is-style-outline--1\"><a class=\"wp-block-button__link has-luminous-vivid-amber-color has-text-color has-link-color wp-element-button\" href=\"https:\/\/kunstkartei.at\/?page_id=74\">VITA<\/a><\/div>\n<\/div>\n","protected":false},"excerpt":{"rendered":"<p>2000 &#8211; 2002 Von 1999 bis 2002 studierte Philipp M\u00fcller Bildhauerei an der wiener kunst schule und war auch noch mit seiner Band Sushi With Suzie (aka: Sushi &amp; Maki bzw. Sushiii) am Aufnehmen und Auftreten. Zu gegebener Zeit werden Arbeiten vor 2000 hinzugef\u00fcgt. Der Atem bewegt die Form, die den Atem schafft. Mai 2002, [&hellip;]<\/p>\n","protected":false},"author":1,"featured_media":0,"parent":0,"menu_order":0,"comment_status":"closed","ping_status":"closed","template":"","meta":{"slim_seo":{"title":"2000 - 2002","description":"Hier sind Arbeiten des K\u00fcnstlers Philipp M\u00fcller zu sehen die von 2000 bis 2003 entstanden sind."},"footnotes":""},"class_list":["post-129","page","type-page","status-publish","hentry"],"_links":{"self":[{"href":"https:\/\/kunstkartei.at\/index.php?rest_route=\/wp\/v2\/pages\/129","targetHints":{"allow":["GET"]}}],"collection":[{"href":"https:\/\/kunstkartei.at\/index.php?rest_route=\/wp\/v2\/pages"}],"about":[{"href":"https:\/\/kunstkartei.at\/index.php?rest_route=\/wp\/v2\/types\/page"}],"author":[{"embeddable":true,"href":"https:\/\/kunstkartei.at\/index.php?rest_route=\/wp\/v2\/users\/1"}],"replies":[{"embeddable":true,"href":"https:\/\/kunstkartei.at\/index.php?rest_route=%2Fwp%2Fv2%2Fcomments&post=129"}],"version-history":[{"count":45,"href":"https:\/\/kunstkartei.at\/index.php?rest_route=\/wp\/v2\/pages\/129\/revisions"}],"predecessor-version":[{"id":547,"href":"https:\/\/kunstkartei.at\/index.php?rest_route=\/wp\/v2\/pages\/129\/revisions\/547"}],"wp:attachment":[{"href":"https:\/\/kunstkartei.at\/index.php?rest_route=%2Fwp%2Fv2%2Fmedia&parent=129"}],"curies":[{"name":"wp","href":"https:\/\/api.w.org\/{rel}","templated":true}]}}