{"id":173,"date":"2023-06-26T18:11:45","date_gmt":"2023-06-26T18:11:45","guid":{"rendered":"https:\/\/kunstkartei.at\/?page_id=173"},"modified":"2025-02-27T10:48:02","modified_gmt":"2025-02-27T10:48:02","slug":"2020-2023","status":"publish","type":"page","link":"https:\/\/kunstkartei.at\/?page_id=173","title":{"rendered":"2020 &#8211; 2022"},"content":{"rendered":"\n<div class=\"wp-block-group is-layout-constrained wp-block-group-is-layout-constrained\">\n<h5 class=\"wp-block-heading has-text-align-center\">2020 &#8211; 2022<\/h5>\n\n\n\n<p>Seit 01.01.2020 ist Philipp M\u00fcller als selbst\u00e4ndiger K\u00fcnstler versichert und verkn\u00fcpft mehr und mehr die unterschiedlichsten Bereiche der bildenden Kunst mit der Musik in seinem Projekt <em>WeinHara<\/em> dessen Musik er mittels seinem Label <em>Fair Art Pop Records<\/em> ver\u00f6ffentlicht.<\/p>\n\n\n\n<hr class=\"wp-block-separator has-alpha-channel-opacity is-style-wide\"\/>\n<\/div>\n\n\n\n<div style=\"height:25px\" aria-hidden=\"true\" class=\"wp-block-spacer\"><\/div>\n\n\n\n<div class=\"wp-block-group is-layout-constrained wp-block-group-is-layout-constrained\">\n<div style=\"height:25px\" aria-hidden=\"true\" class=\"wp-block-spacer\"><\/div>\n\n\n\n<figure class=\"wp-block-image alignwide size-full is-style-default\"><img loading=\"lazy\" decoding=\"async\" width=\"425\" height=\"425\" src=\"https:\/\/kunstkartei.at\/wp-content\/uploads\/2023\/06\/WEINHARA_-_2791972_-_COVER.jpg\" alt=\"\" class=\"wp-image-67\" srcset=\"https:\/\/kunstkartei.at\/wp-content\/uploads\/2023\/06\/WEINHARA_-_2791972_-_COVER.jpg 425w, https:\/\/kunstkartei.at\/wp-content\/uploads\/2023\/06\/WEINHARA_-_2791972_-_COVER-300x300.jpg 300w, https:\/\/kunstkartei.at\/wp-content\/uploads\/2023\/06\/WEINHARA_-_2791972_-_COVER-150x150.jpg 150w\" sizes=\"auto, (max-width: 425px) 100vw, 425px\" \/><\/figure>\n\n\n\n<h5 class=\"wp-block-heading\">Weinhara &#8211; 2791972<\/h5>\n\n\n\n<p class=\"has-small-font-size\">21.09.2022 (V\u00d6) \u2013 Digital-Grafik mit Filmstill, 31,5 cm x 31,5 cm, Digital LP-Cover<\/p>\n\n\n\n<p>Der Titel des Musikalbums ist das Geburtsdatum von Philipp M\u00fcller, das aggressive Grinsen stammt aus dem Musik-Video zu \u201eBediene Die Maschine\u201c und der Boden-Raster steht f\u00fcr die neun Tracks auf dem Album.<\/p>\n\n\n\n<hr class=\"wp-block-separator has-alpha-channel-opacity is-style-dots\"\/>\n<\/div>\n\n\n\n<div class=\"wp-block-group is-layout-constrained wp-block-group-is-layout-constrained\">\n<div style=\"height:25px\" aria-hidden=\"true\" class=\"wp-block-spacer\"><\/div>\n\n\n\n<figure class=\"wp-block-image alignwide size-full is-style-default\"><img loading=\"lazy\" decoding=\"async\" width=\"2560\" height=\"2560\" src=\"https:\/\/kunstkartei.at\/wp-content\/uploads\/2025\/01\/TV-JUNK_-_BARES_FUeR_BANALES_-_210416-scaled.jpg\" alt=\"Tv Junk Bares Fu\u0308r Banales 210416\" class=\"wp-image-606\" srcset=\"https:\/\/kunstkartei.at\/wp-content\/uploads\/2025\/01\/TV-JUNK_-_BARES_FUeR_BANALES_-_210416-scaled.jpg 2560w, https:\/\/kunstkartei.at\/wp-content\/uploads\/2025\/01\/TV-JUNK_-_BARES_FUeR_BANALES_-_210416-300x300.jpg 300w, https:\/\/kunstkartei.at\/wp-content\/uploads\/2025\/01\/TV-JUNK_-_BARES_FUeR_BANALES_-_210416-1024x1024.jpg 1024w, https:\/\/kunstkartei.at\/wp-content\/uploads\/2025\/01\/TV-JUNK_-_BARES_FUeR_BANALES_-_210416-150x150.jpg 150w, https:\/\/kunstkartei.at\/wp-content\/uploads\/2025\/01\/TV-JUNK_-_BARES_FUeR_BANALES_-_210416-768x768.jpg 768w, https:\/\/kunstkartei.at\/wp-content\/uploads\/2025\/01\/TV-JUNK_-_BARES_FUeR_BANALES_-_210416-1536x1536.jpg 1536w, https:\/\/kunstkartei.at\/wp-content\/uploads\/2025\/01\/TV-JUNK_-_BARES_FUeR_BANALES_-_210416-2048x2048.jpg 2048w\" sizes=\"auto, (max-width: 2560px) 100vw, 2560px\" \/><\/figure>\n\n\n\n<h5 class=\"wp-block-heading\">TV-JUNK \u2013 BARES F\u00dcR BANALES<\/h5>\n\n\n\n<p class=\"has-small-font-size\">16.04.2021, Zeichnung, Buntstift &amp; Bleistift auf Papier, gerahmt inkl. Passepartout, 52 cm x 42 cm<\/p>\n\n\n\n<p>Eine weitere Zeichnungen aus der TV-Junk-Serie, die M\u00fcller 2004 begonnen hat. Als bekennender TV-Junky zappt M\u00fcller durch die Kan\u00e4le, zeichnete und schreibt das, was er sieht und h\u00f6rt, notiert Sendungs- bzw. Kanalinformationen und den \u201eAufnahmezeitraum\u201c auf dem Bildtr\u00e4ger. \u00c4hnlich wie in Cut-Ups werden Inhalte aus dem Zusammenhang gel\u00f6ste und neu kombiniert. Das passiert der Schnittdynamik entsprechend meist sehr schnell und spontan, wird aber auch in einer \u00dcberarbeitungsphase teilweise ausgearbeitet und\/oder \u00fcberformt, immer mit Bedacht auf die grundlegende Situation des schnellen Springens durch die TV-Bildwelt. Also bleibt auch manches sehr roh und skizzenhaft.<\/p>\n\n\n\n<p>Weiter unten ist eine gro\u00dfformatige Arbeit aus dieser Serie zu entdecken.<\/p>\n\n\n\n<hr class=\"wp-block-separator has-alpha-channel-opacity is-style-dots\"\/>\n<\/div>\n\n\n\n<div class=\"wp-block-group is-layout-constrained wp-block-group-is-layout-constrained\">\n<div style=\"height:25px\" aria-hidden=\"true\" class=\"wp-block-spacer\"><\/div>\n\n\n\n<figure class=\"wp-block-image alignwide size-full is-style-default\"><img loading=\"lazy\" decoding=\"async\" width=\"425\" height=\"425\" src=\"https:\/\/kunstkartei.at\/wp-content\/uploads\/2023\/06\/2020_ILLUSTRATION.jpg\" alt=\"\" class=\"wp-image-70\" srcset=\"https:\/\/kunstkartei.at\/wp-content\/uploads\/2023\/06\/2020_ILLUSTRATION.jpg 425w, https:\/\/kunstkartei.at\/wp-content\/uploads\/2023\/06\/2020_ILLUSTRATION-300x300.jpg 300w, https:\/\/kunstkartei.at\/wp-content\/uploads\/2023\/06\/2020_ILLUSTRATION-150x150.jpg 150w\" sizes=\"auto, (max-width: 425px) 100vw, 425px\" \/><\/figure>\n\n\n\n<h5 class=\"wp-block-heading\">2020<\/h5>\n\n\n\n<p class=\"has-small-font-size\">25.03.2021, Zeichnung, Buntstift auf Papier, gerahmt inkl. Passepartout, 38,5 cm x 38,5 cm<\/p>\n\n\n\n<p>Das Bild wurde f\u00fcr das Cover der 3-Track Digital Single \u201e2020\u201c von <em>WeinHara<\/em> gezeichnet und bezieht sich auf den Song \u201eBaby Elephant Cluedo\u201c in dem Philipp M\u00fcller, einem Schelm gleich, mit schr\u00e4gen Kunstworten nicht nur auf bewusste und unbewusste R\u00fccksichtslosigkeit einiger Mitmenschen anspricht, sondern auch auf das Unverm\u00f6gen von Verantwortungstr\u00e4ger*innen und Werbe-Spots, die durch ihre uns\u00e4gliche Naivit\u00e4t bei manchen eher Aggressionen erweckten, als die Vernunft anzusprechen. Das Bild zeigt M\u00fcller quasi als maskierten Platzhalter f\u00fcr den M\u00f6rder resp. die M\u00f6rderin des Babyelefanten \u2013 also dem Hinweis Abstand zu halten -, in einer gem\u00fctlichen Ecke seiner Mutters Wohnung, wo er in seiner Kindheit immer wieder mit seinen Eltern das Spiel <em>Cluedo<\/em> (Engl.: <em>Clue<\/em>) spielte.<\/p>\n\n\n\n<hr class=\"wp-block-separator has-alpha-channel-opacity is-style-dots\"\/>\n<\/div>\n\n\n\n<div class=\"wp-block-group is-layout-constrained wp-block-group-is-layout-constrained\">\n<div style=\"height:25px\" aria-hidden=\"true\" class=\"wp-block-spacer\"><\/div>\n\n\n\n<figure class=\"wp-block-image alignwide size-full is-style-default\"><img loading=\"lazy\" decoding=\"async\" width=\"2560\" height=\"2560\" src=\"https:\/\/kunstkartei.at\/wp-content\/uploads\/2024\/09\/1-scaled.jpg\" alt=\"1\" class=\"wp-image-542\" srcset=\"https:\/\/kunstkartei.at\/wp-content\/uploads\/2024\/09\/1-scaled.jpg 2560w, https:\/\/kunstkartei.at\/wp-content\/uploads\/2024\/09\/1-300x300.jpg 300w, https:\/\/kunstkartei.at\/wp-content\/uploads\/2024\/09\/1-1024x1024.jpg 1024w, https:\/\/kunstkartei.at\/wp-content\/uploads\/2024\/09\/1-150x150.jpg 150w, https:\/\/kunstkartei.at\/wp-content\/uploads\/2024\/09\/1-768x768.jpg 768w, https:\/\/kunstkartei.at\/wp-content\/uploads\/2024\/09\/1-1536x1536.jpg 1536w, https:\/\/kunstkartei.at\/wp-content\/uploads\/2024\/09\/1-2048x2048.jpg 2048w\" sizes=\"auto, (max-width: 2560px) 100vw, 2560px\" \/><\/figure>\n\n\n\n<figure class=\"wp-block-image alignwide size-full is-style-default\"><img loading=\"lazy\" decoding=\"async\" width=\"2560\" height=\"2560\" src=\"https:\/\/kunstkartei.at\/wp-content\/uploads\/2024\/09\/2-scaled.jpg\" alt=\"2\" class=\"wp-image-544\" srcset=\"https:\/\/kunstkartei.at\/wp-content\/uploads\/2024\/09\/2-scaled.jpg 2560w, https:\/\/kunstkartei.at\/wp-content\/uploads\/2024\/09\/2-300x300.jpg 300w, https:\/\/kunstkartei.at\/wp-content\/uploads\/2024\/09\/2-1024x1024.jpg 1024w, https:\/\/kunstkartei.at\/wp-content\/uploads\/2024\/09\/2-150x150.jpg 150w, https:\/\/kunstkartei.at\/wp-content\/uploads\/2024\/09\/2-768x768.jpg 768w, https:\/\/kunstkartei.at\/wp-content\/uploads\/2024\/09\/2-1536x1536.jpg 1536w, https:\/\/kunstkartei.at\/wp-content\/uploads\/2024\/09\/2-2048x2048.jpg 2048w\" sizes=\"auto, (max-width: 2560px) 100vw, 2560px\" \/><\/figure>\n\n\n\n<figure class=\"wp-block-image alignwide size-full is-style-default\"><img loading=\"lazy\" decoding=\"async\" width=\"2560\" height=\"2560\" src=\"https:\/\/kunstkartei.at\/wp-content\/uploads\/2024\/09\/3-scaled.jpg\" alt=\"3\" class=\"wp-image-545\" srcset=\"https:\/\/kunstkartei.at\/wp-content\/uploads\/2024\/09\/3-scaled.jpg 2560w, https:\/\/kunstkartei.at\/wp-content\/uploads\/2024\/09\/3-300x300.jpg 300w, https:\/\/kunstkartei.at\/wp-content\/uploads\/2024\/09\/3-1024x1024.jpg 1024w, https:\/\/kunstkartei.at\/wp-content\/uploads\/2024\/09\/3-150x150.jpg 150w, https:\/\/kunstkartei.at\/wp-content\/uploads\/2024\/09\/3-768x768.jpg 768w, https:\/\/kunstkartei.at\/wp-content\/uploads\/2024\/09\/3-1536x1536.jpg 1536w, https:\/\/kunstkartei.at\/wp-content\/uploads\/2024\/09\/3-2048x2048.jpg 2048w\" sizes=\"auto, (max-width: 2560px) 100vw, 2560px\" \/><\/figure>\n\n\n\n<h5 class=\"wp-block-heading\">Der atem bewegt die form, die den atem schaft. v2<\/h5>\n\n\n\n<p class=\"has-small-font-size\">Dezember 2020, 22 cm x 24 cm x 82 cm, Eiche, Auftragsarbeit<\/p>\n\n\n\n<p>Eine Replik der Diplomarbeit aus dem Jahr 2002 Dezember 2020, 22 cm x 24 cm x 82 cm, Eiche. Da das Holz sehr wurmstichig ist, wurde nach einer W\u00e4rmebehandlung die Oberfl\u00e4che nur grob geraspelt und d\u00fcnn lackiert.<\/p>\n\n\n\n<hr class=\"wp-block-separator has-alpha-channel-opacity is-style-dots\"\/>\n<\/div>\n\n\n\n<div class=\"wp-block-group is-layout-constrained wp-block-group-is-layout-constrained\">\n<div style=\"height:25px\" aria-hidden=\"true\" class=\"wp-block-spacer\"><\/div>\n\n\n\n<figure class=\"wp-block-image size-large is-style-default\"><img loading=\"lazy\" decoding=\"async\" width=\"1024\" height=\"270\" src=\"https:\/\/kunstkartei.at\/wp-content\/uploads\/2023\/06\/TV-JUNK_COUGHIT-O5_TRIPTYCHON_KUNSTKARTEI-1024x270.jpg\" alt=\"\" class=\"wp-image-206\" srcset=\"https:\/\/kunstkartei.at\/wp-content\/uploads\/2023\/06\/TV-JUNK_COUGHIT-O5_TRIPTYCHON_KUNSTKARTEI-1024x270.jpg 1024w, https:\/\/kunstkartei.at\/wp-content\/uploads\/2023\/06\/TV-JUNK_COUGHIT-O5_TRIPTYCHON_KUNSTKARTEI-300x79.jpg 300w, https:\/\/kunstkartei.at\/wp-content\/uploads\/2023\/06\/TV-JUNK_COUGHIT-O5_TRIPTYCHON_KUNSTKARTEI-768x202.jpg 768w, https:\/\/kunstkartei.at\/wp-content\/uploads\/2023\/06\/TV-JUNK_COUGHIT-O5_TRIPTYCHON_KUNSTKARTEI-1536x404.jpg 1536w, https:\/\/kunstkartei.at\/wp-content\/uploads\/2023\/06\/TV-JUNK_COUGHIT-O5_TRIPTYCHON_KUNSTKARTEI-2048x539.jpg 2048w\" sizes=\"auto, (max-width: 1024px) 100vw, 1024px\" \/><\/figure>\n\n\n\n<h5 class=\"wp-block-heading\"><strong>TV-JUNK \u2013 COUGHIT-O5 \/\/ TEIL <\/strong>1: <strong>DER N\u00c4HEHAMMER \/ Teil 2: LUNAS R\u00dcCKZUG \/ TEIL 3: SVS \u2013 GOLD ODER PECH?<\/strong><\/h5>\n\n\n\n<p class=\"has-small-font-size\">03.04.2020, 15.05.2020, 12.07.202 \u2013 Blei-, Buntstifte &amp; Acryl auf Leinwand, 300 cm x 80 cm<\/p>\n\n\n\n<figure class=\"wp-block-image alignwide size-full\"><img loading=\"lazy\" decoding=\"async\" width=\"850\" height=\"678\" src=\"https:\/\/kunstkartei.at\/wp-content\/uploads\/2023\/06\/TV-JUNK_1-1.jpg\" alt=\"\" class=\"wp-image-100\" srcset=\"https:\/\/kunstkartei.at\/wp-content\/uploads\/2023\/06\/TV-JUNK_1-1.jpg 850w, https:\/\/kunstkartei.at\/wp-content\/uploads\/2023\/06\/TV-JUNK_1-1-300x239.jpg 300w, https:\/\/kunstkartei.at\/wp-content\/uploads\/2023\/06\/TV-JUNK_1-1-768x613.jpg 768w\" sizes=\"auto, (max-width: 850px) 100vw, 850px\" \/><\/figure>\n\n\n\n<figure class=\"wp-block-image alignwide size-full\"><img loading=\"lazy\" decoding=\"async\" width=\"850\" height=\"678\" src=\"https:\/\/kunstkartei.at\/wp-content\/uploads\/2023\/06\/TV-JUNK_2.jpg\" alt=\"\" class=\"wp-image-96\" srcset=\"https:\/\/kunstkartei.at\/wp-content\/uploads\/2023\/06\/TV-JUNK_2.jpg 850w, https:\/\/kunstkartei.at\/wp-content\/uploads\/2023\/06\/TV-JUNK_2-300x239.jpg 300w, https:\/\/kunstkartei.at\/wp-content\/uploads\/2023\/06\/TV-JUNK_2-768x613.jpg 768w\" sizes=\"auto, (max-width: 850px) 100vw, 850px\" \/><\/figure>\n\n\n\n<figure class=\"wp-block-image alignwide size-full\"><img loading=\"lazy\" decoding=\"async\" width=\"850\" height=\"678\" src=\"https:\/\/kunstkartei.at\/wp-content\/uploads\/2023\/06\/TV-JUNK_3.jpg\" alt=\"\" class=\"wp-image-98\" srcset=\"https:\/\/kunstkartei.at\/wp-content\/uploads\/2023\/06\/TV-JUNK_3.jpg 850w, https:\/\/kunstkartei.at\/wp-content\/uploads\/2023\/06\/TV-JUNK_3-300x239.jpg 300w, https:\/\/kunstkartei.at\/wp-content\/uploads\/2023\/06\/TV-JUNK_3-768x613.jpg 768w\" sizes=\"auto, (max-width: 850px) 100vw, 850px\" \/><\/figure>\n\n\n\n<p>Der Titel \u201eCoughit-O5\u201c ist ein Wortspiel, eine Transformation von Covid-19 zu dem engl. \u201ecough it\u201c (spuck\u2019s aus!) und O5, was f\u00fcr \u00d6sterreich steht: O und der 5 Buchstabe des Alphabets, n\u00e4mlich E ergeben \u00d6. O5 entstand im 2. Weltkrieg und ist das K\u00fcrzel des \u00f6sterreichischen Widerstands gegen den Nationalsozialismus. Wichtig ist zu wissen, dass Philipp M\u00fcller kein Corona-Leugner und kein Impfgegner ist. Eher ist er ein Unterst\u00fctzer gewisser \u00dcberlegungen der Zero-Covid-Idee und hat sich auch selbstverst\u00e4ndlich impfen lassen, ist aber nicht von einer Impfpflicht \u00fcberzeugt.<\/p>\n\n\n\n<p>Das Triptychon wird zusammengehalten durch die kindliche Figur im 3. Bild, die in die Klaviatur greift und dessen Fl\u00fcgelkorpus sich im 2. Bild mit einem Esstisch verbindet, der wiederum im 1. Bild mit dem Holzboden einer Yogagruppe verbunden ist. Wenn M\u00fcller gefragt wird mit welcher der zahlreichen Figuren er sich identifiziert, dann mit dieser kindlichen Figur am Fl\u00fcgel. Passender Wei\u00dfe entstand parallel zu dem Triptychon, das erste von M\u00fcller selbst komplett durchkomponierte und endgemixte Musikst\u00fcck, das die Bildmusik zu dem Triptychon ist. Weiter unten finden sie das Video dazu.<\/p>\n\n\n\n<p>Weiter oben ist eine kleinformatige Arbeit aus dieser TV-Junk-Serie zu entdecken.<\/p>\n\n\n\n<figure class=\"wp-block-embed is-type-video is-provider-youtube wp-block-embed-youtube wp-embed-aspect-16-9 wp-has-aspect-ratio\"><div class=\"wp-block-embed__wrapper\">\n<iframe loading=\"lazy\" title=\"WeinHara  - COUGHIT-O5 (official)\" width=\"500\" height=\"281\" src=\"https:\/\/www.youtube.com\/embed\/H0z-lqYn6sc?feature=oembed\" frameborder=\"0\" allow=\"accelerometer; autoplay; clipboard-write; encrypted-media; gyroscope; picture-in-picture; web-share\" referrerpolicy=\"strict-origin-when-cross-origin\" allowfullscreen><\/iframe>\n<\/div><\/figure>\n\n\n\n<hr class=\"wp-block-separator has-alpha-channel-opacity is-style-dots\"\/>\n\n\n\n<div style=\"height:25px\" aria-hidden=\"true\" class=\"wp-block-spacer\"><\/div>\n<\/div>\n\n\n\n<div class=\"wp-block-buttons is-content-justification-center is-layout-flex wp-container-core-buttons-is-layout-a89b3969 wp-block-buttons-is-layout-flex\">\n<div class=\"wp-block-button is-style-outline is-style-outline--1\"><a class=\"wp-block-button__link has-luminous-vivid-amber-color has-text-color has-link-color wp-element-button\" href=\"https:\/\/kunstkartei.at\/?page_id=214\">2003 &#8211; 2004<\/a><\/div>\n<\/div>\n","protected":false},"excerpt":{"rendered":"<p>2020 &#8211; 2022 Seit 01.01.2020 ist Philipp M\u00fcller als selbst\u00e4ndiger K\u00fcnstler versichert und verkn\u00fcpft mehr und mehr die unterschiedlichsten Bereiche der bildenden Kunst mit der Musik in seinem Projekt WeinHara dessen Musik er mittels seinem Label Fair Art Pop Records ver\u00f6ffentlicht. Weinhara &#8211; 2791972 21.09.2022 (V\u00d6) \u2013 Digital-Grafik mit Filmstill, 31,5 cm x 31,5 cm, [&hellip;]<\/p>\n","protected":false},"author":1,"featured_media":0,"parent":0,"menu_order":0,"comment_status":"closed","ping_status":"closed","template":"","meta":{"slim_seo":{"title":"2020 - 2022","description":"Hier sind Arbeiten des K\u00fcnstlers Philipp M\u00fcller zu sehen die von 2020 bis 2023 entstanden sind."},"footnotes":""},"class_list":["post-173","page","type-page","status-publish","hentry"],"_links":{"self":[{"href":"https:\/\/kunstkartei.at\/index.php?rest_route=\/wp\/v2\/pages\/173","targetHints":{"allow":["GET"]}}],"collection":[{"href":"https:\/\/kunstkartei.at\/index.php?rest_route=\/wp\/v2\/pages"}],"about":[{"href":"https:\/\/kunstkartei.at\/index.php?rest_route=\/wp\/v2\/types\/page"}],"author":[{"embeddable":true,"href":"https:\/\/kunstkartei.at\/index.php?rest_route=\/wp\/v2\/users\/1"}],"replies":[{"embeddable":true,"href":"https:\/\/kunstkartei.at\/index.php?rest_route=%2Fwp%2Fv2%2Fcomments&post=173"}],"version-history":[{"count":32,"href":"https:\/\/kunstkartei.at\/index.php?rest_route=\/wp\/v2\/pages\/173\/revisions"}],"predecessor-version":[{"id":612,"href":"https:\/\/kunstkartei.at\/index.php?rest_route=\/wp\/v2\/pages\/173\/revisions\/612"}],"wp:attachment":[{"href":"https:\/\/kunstkartei.at\/index.php?rest_route=%2Fwp%2Fv2%2Fmedia&parent=173"}],"curies":[{"name":"wp","href":"https:\/\/api.w.org\/{rel}","templated":true}]}}