{"id":214,"date":"2023-06-28T10:18:01","date_gmt":"2023-06-28T10:18:01","guid":{"rendered":"https:\/\/kunstkartei.at\/?page_id=214"},"modified":"2025-03-31T13:03:35","modified_gmt":"2025-03-31T13:03:35","slug":"2003-2004","status":"publish","type":"page","link":"https:\/\/kunstkartei.at\/?page_id=214","title":{"rendered":"2003 &#8211; 2004"},"content":{"rendered":"\n<div class=\"wp-block-group is-layout-constrained wp-block-group-is-layout-constrained\">\n<h5 class=\"wp-block-heading has-text-align-center\">2003 &#8211; 2004<\/h5>\n\n\n\n<p class=\"has-background-color has-text-color\">Ab 2003 war M\u00fcller als Jugendarbeiter beim <em>Verein Wiener Jugendzentren<\/em> angestellt und sp\u00e4ter auch im Projekt <em>Spacelab<\/em> t\u00e4tig. Um 2006 entstand nach <em>Sushi With Suzie<\/em> auch wieder ein Musik-Projekt mit dem Namen <em>funkenflut<\/em>, wodurch die Produktion im Bereich der bildenden Kunst eher zum Erliegen kam. Zu gegebener Zeit werden weitere Arbeiten nach 2004 hinzugef\u00fcgt.<\/p>\n\n\n\n<hr class=\"wp-block-separator has-alpha-channel-opacity is-style-wide\"\/>\n<\/div>\n\n\n\n<div class=\"wp-block-group is-layout-constrained wp-block-group-is-layout-constrained\">\n<div style=\"height:25px\" aria-hidden=\"true\" class=\"wp-block-spacer\"><\/div>\n\n\n\n<figure class=\"wp-block-image size-large is-style-default\"><img loading=\"lazy\" decoding=\"async\" width=\"1024\" height=\"682\" src=\"https:\/\/kunstkartei.at\/wp-content\/uploads\/2023\/06\/SELBSTPORTRAIT_-_HOMMAGE_AN_ROBERT_ADRIAN-X-1024x682.jpg\" alt=\"\" class=\"wp-image-145\" srcset=\"https:\/\/kunstkartei.at\/wp-content\/uploads\/2023\/06\/SELBSTPORTRAIT_-_HOMMAGE_AN_ROBERT_ADRIAN-X-1024x682.jpg 1024w, https:\/\/kunstkartei.at\/wp-content\/uploads\/2023\/06\/SELBSTPORTRAIT_-_HOMMAGE_AN_ROBERT_ADRIAN-X-300x200.jpg 300w, https:\/\/kunstkartei.at\/wp-content\/uploads\/2023\/06\/SELBSTPORTRAIT_-_HOMMAGE_AN_ROBERT_ADRIAN-X-768x512.jpg 768w, https:\/\/kunstkartei.at\/wp-content\/uploads\/2023\/06\/SELBSTPORTRAIT_-_HOMMAGE_AN_ROBERT_ADRIAN-X.jpg 1064w\" sizes=\"auto, (max-width: 1024px) 100vw, 1024px\" \/><figcaption class=\"wp-element-caption\">Foto: Sophie Dvo\u0159\u00e1k<\/figcaption><\/figure>\n\n\n\n<h5 class=\"wp-block-heading\">Selbstportrait \u2013 Hommage an Robert Adrian-X<\/h5>\n\n\n\n<p class=\"has-small-font-size\">16. Nov. 2004, Fimo, ca. 18 x 19 x 7 cm<\/p>\n\n\n\n<p>Im Herbst 2001 sah Philipp M\u00fcller die Ausstellung von Robert Adrian-X in der <em>Kunsthalle Wien<\/em>. Er war von dem ironischen Umgang mit dem Begriff K\u00fcnstler*innen-Genius und der liebevollen Umsetzung zur mehrteilige Arbeit &#8222;24 Jobs&#8220; begeistert.<\/p>\n\n\n\n<p>Als M\u00fcller einige Jahre sp\u00e4ter eine Formulierung f\u00fcr ein Selbstportr\u00e4t als Modellierung im Material Fimo begann, erinnerte er sich wieder an die Arbeit von Rober Adrian-X und stellte seine in Kontext dazu, im Sinne von: Wer viel arbeitet, muss auch mal schlafen. In diesem Fall auf einer viel zu kleinen Couch, weil wohl schon zu ersch\u00f6pft, um ins Bett zu kriechen.<\/p>\n\n\n\n<hr class=\"wp-block-separator has-alpha-channel-opacity is-style-dots\"\/>\n<\/div>\n\n\n\n<div class=\"wp-block-group is-layout-constrained wp-block-group-is-layout-constrained\">\n<div style=\"height:25px\" aria-hidden=\"true\" class=\"wp-block-spacer\"><\/div>\n\n\n\n<figure class=\"wp-block-image size-large is-style-default\"><img loading=\"lazy\" decoding=\"async\" width=\"1024\" height=\"1024\" src=\"https:\/\/kunstkartei.at\/wp-content\/uploads\/2025\/03\/7_\u2013_STADTHORIZONTE_7_2004_LICHTOBJEKT_50x50x65CM-1024x1024.jpg\" alt=\"7 \u2013 stadthorizonte 7 (2004, lichtobjekt 50x50x6,5cm)\" class=\"wp-image-648\" srcset=\"https:\/\/kunstkartei.at\/wp-content\/uploads\/2025\/03\/7_\u2013_STADTHORIZONTE_7_2004_LICHTOBJEKT_50x50x65CM-1024x1024.jpg 1024w, https:\/\/kunstkartei.at\/wp-content\/uploads\/2025\/03\/7_\u2013_STADTHORIZONTE_7_2004_LICHTOBJEKT_50x50x65CM-300x300.jpg 300w, https:\/\/kunstkartei.at\/wp-content\/uploads\/2025\/03\/7_\u2013_STADTHORIZONTE_7_2004_LICHTOBJEKT_50x50x65CM-150x150.jpg 150w, https:\/\/kunstkartei.at\/wp-content\/uploads\/2025\/03\/7_\u2013_STADTHORIZONTE_7_2004_LICHTOBJEKT_50x50x65CM-768x768.jpg 768w, https:\/\/kunstkartei.at\/wp-content\/uploads\/2025\/03\/7_\u2013_STADTHORIZONTE_7_2004_LICHTOBJEKT_50x50x65CM-1536x1536.jpg 1536w, https:\/\/kunstkartei.at\/wp-content\/uploads\/2025\/03\/7_\u2013_STADTHORIZONTE_7_2004_LICHTOBJEKT_50x50x65CM-2048x2048.jpg 2048w\" sizes=\"auto, (max-width: 1024px) 100vw, 1024px\" \/><\/figure>\n\n\n\n<h5 class=\"wp-block-heading\"><strong>S<\/strong><strong>tadthorizonte 7, Lerchenfelderstra\u00dfe 13, 1070 Wien<\/strong><\/h5>\n\n\n\n<p class=\"has-small-font-size\"><br>2004, Lichtobjekt, Acryl auf Aluminium, Leuchtstoffr\u00f6hre, 50 cm x 50 cm x 6 cm<\/p>\n\n\n\n<p>Diesem Lichtobjekt ist eine Serie aus sechs Acrylbildern vorangegangen, die aus zwei Gedanken entstanden sind. Erstens das Ph\u00e4nomen Horizont: In der Landschaft stellt der Horizont eine nicht wirklich existierende Trennlinie zwischen Himmel und Erde dar. Innerhalb der Stadt wird diese \u201eGrenze\u201c zu realem Raum erweitert. All die H\u00e4user mit ihren Wohnungen bilden R\u00fcckzugsr\u00e4ume in denen es den Menschen m\u00f6glich wird auch ihren Horizont zu erweitern.<\/p>\n\n\n\n<p>Der zweite Gedanke ist eine Konkretisierung des Widerstandssymbols gegen die schwarz\/blaue Regierung ab 2000. Eine schwarz\/blaue Fl\u00e4che durchgestrichen von einem wei\u00dfen Balken. Ich habe das Symbol auf Wien konkretisiert, da ich in dieser Stadt lebe und von den Widerstands-Demos sehr begeistert war, welche zwei Jahre lang, w\u00f6chentlich am Donnerstag statt gefunden haben und so lange veranstaltet wurden bis diese Sozialabbau-Regierung scheiterte.<\/p>\n\n\n\n<hr class=\"wp-block-separator has-alpha-channel-opacity is-style-dots\"\/>\n<\/div>\n\n\n\n<div class=\"wp-block-group is-layout-constrained wp-block-group-is-layout-constrained\">\n<div style=\"height:25px\" aria-hidden=\"true\" class=\"wp-block-spacer\"><\/div>\n\n\n\n<div class=\"wp-block-columns is-layout-flex wp-container-core-columns-is-layout-28f84493 wp-block-columns-is-layout-flex\">\n<div class=\"wp-block-column is-layout-flow wp-block-column-is-layout-flow\">\n<figure class=\"wp-block-image size-full\"><img loading=\"lazy\" decoding=\"async\" width=\"283\" height=\"378\" src=\"https:\/\/kunstkartei.at\/wp-content\/uploads\/2023\/06\/AUGARTEN_1.jpg\" alt=\"\" class=\"wp-image-219\" srcset=\"https:\/\/kunstkartei.at\/wp-content\/uploads\/2023\/06\/AUGARTEN_1.jpg 283w, https:\/\/kunstkartei.at\/wp-content\/uploads\/2023\/06\/AUGARTEN_1-225x300.jpg 225w\" sizes=\"auto, (max-width: 283px) 100vw, 283px\" \/><\/figure>\n<\/div>\n\n\n\n<div class=\"wp-block-column is-layout-flow wp-block-column-is-layout-flow\">\n<figure class=\"wp-block-image size-full\"><img loading=\"lazy\" decoding=\"async\" width=\"283\" height=\"378\" src=\"https:\/\/kunstkartei.at\/wp-content\/uploads\/2023\/06\/AUGARTEN_2.jpg\" alt=\"\" class=\"wp-image-220\" srcset=\"https:\/\/kunstkartei.at\/wp-content\/uploads\/2023\/06\/AUGARTEN_2.jpg 283w, https:\/\/kunstkartei.at\/wp-content\/uploads\/2023\/06\/AUGARTEN_2-225x300.jpg 225w\" sizes=\"auto, (max-width: 283px) 100vw, 283px\" \/><\/figure>\n<\/div>\n<\/div>\n\n\n\n<h5 class=\"wp-block-heading\">Gemeinschaftsskulptur im augarten<\/h5>\n\n\n\n<p class=\"has-small-font-size\">Sommer 2003, Holz, ca. 2 m x 0,3 m \u00f8 an der Basis<\/p>\n\n\n\n<p>Im Sommer 2003 leitetet Philipp M\u00fcller einen Bildhauer-Workshop als Angestellter vom <em>Verein Wiener Jugendzentren<\/em> im Rahmen eines Kooperationsprojektes mit dem Verein <em>Grenzenlos<\/em>.<\/p>\n\n\n\n<p>Gemeinsam mit den Volont\u00e4r*innen, die aus der ganzen Welt kamen, im Jugendzentrum Margarete wohnten und Revitalisierungsarbeiten im Augarten machten, wurde eine Holzskulptur erarbeitet, die auch im Augarten aufgestellt wurde.<\/p>\n\n\n\n<hr class=\"wp-block-separator has-alpha-channel-opacity is-style-dots\"\/>\n\n\n\n<div style=\"height:25px\" aria-hidden=\"true\" class=\"wp-block-spacer\"><\/div>\n<\/div>\n\n\n\n<div class=\"wp-block-buttons is-content-justification-center is-layout-flex wp-container-core-buttons-is-layout-a89b3969 wp-block-buttons-is-layout-flex\">\n<div class=\"wp-block-button is-style-outline is-style-outline--1\"><a class=\"wp-block-button__link has-luminous-vivid-amber-color has-text-color has-link-color wp-element-button\" href=\"https:\/\/kunstkartei.at\/?page_id=129\">2000 &#8211; 2002<\/a><\/div>\n<\/div>\n","protected":false},"excerpt":{"rendered":"<p>2003 &#8211; 2004 Ab 2003 war M\u00fcller als Jugendarbeiter beim Verein Wiener Jugendzentren angestellt und sp\u00e4ter auch im Projekt Spacelab t\u00e4tig. Um 2006 entstand nach Sushi With Suzie auch wieder ein Musik-Projekt mit dem Namen funkenflut, wodurch die Produktion im Bereich der bildenden Kunst eher zum Erliegen kam. Zu gegebener Zeit werden weitere Arbeiten nach [&hellip;]<\/p>\n","protected":false},"author":1,"featured_media":0,"parent":0,"menu_order":0,"comment_status":"closed","ping_status":"closed","template":"","meta":{"slim_seo":{"title":"2003 - 2004","description":"Hier sind Arbeiten des K\u00fcnstlers Philipp M\u00fcller zu sehen die von 2003 bis 2004 entstanden sind."},"footnotes":""},"class_list":["post-214","page","type-page","status-publish","hentry"],"_links":{"self":[{"href":"https:\/\/kunstkartei.at\/index.php?rest_route=\/wp\/v2\/pages\/214","targetHints":{"allow":["GET"]}}],"collection":[{"href":"https:\/\/kunstkartei.at\/index.php?rest_route=\/wp\/v2\/pages"}],"about":[{"href":"https:\/\/kunstkartei.at\/index.php?rest_route=\/wp\/v2\/types\/page"}],"author":[{"embeddable":true,"href":"https:\/\/kunstkartei.at\/index.php?rest_route=\/wp\/v2\/users\/1"}],"replies":[{"embeddable":true,"href":"https:\/\/kunstkartei.at\/index.php?rest_route=%2Fwp%2Fv2%2Fcomments&post=214"}],"version-history":[{"count":16,"href":"https:\/\/kunstkartei.at\/index.php?rest_route=\/wp\/v2\/pages\/214\/revisions"}],"predecessor-version":[{"id":649,"href":"https:\/\/kunstkartei.at\/index.php?rest_route=\/wp\/v2\/pages\/214\/revisions\/649"}],"wp:attachment":[{"href":"https:\/\/kunstkartei.at\/index.php?rest_route=%2Fwp%2Fv2%2Fmedia&parent=214"}],"curies":[{"name":"wp","href":"https:\/\/api.w.org\/{rel}","templated":true}]}}